{"id":1989,"date":"2019-10-23T11:25:44","date_gmt":"2019-10-23T09:25:44","guid":{"rendered":"https:\/\/www.entergislaved.se\/?post_type=kalender&#038;p=1989"},"modified":"2019-10-23T11:25:44","modified_gmt":"2019-10-23T09:25:44","slug":"nothindagen-2019","status":"publish","type":"kalender","link":"https:\/\/www.entergislaved.se\/en\/kalender\/nothindagen-2019\/","title":{"rendered":"Nothindagen 2019"},"content":{"rendered":"<p>V\u00e4lkommen till Nothindagen 2019<br \/>\nN\u00e4ringslivsdagen f\u00f6r Gnosj\u00f6regionen fredagen den 22 november.<\/p>\n<p>Dagens tema: Framtidens ledarskap med konferencier Jonas Gallneby<\/p>\n<p>\u00c5rets Nothindag bjuder p\u00e5 extra sp\u00e4nnande \u00e4mnen d\u00e4r ledaren st\u00e5r i fokus och utvecklingen rusar. Nya problem uppst\u00e5r liksom nya m\u00f6jligheter.<br \/>\nFyra intressanta personer \u00e4r inbjudna och ber\u00e4ttar om kraven framtidens ledare st\u00e5r inf\u00f6r.<\/p>\n<p><a href=\"http:\/\/forumfinnveden.se\/program\/\"><strong>Program<\/strong><\/a><\/p>\n","protected":false},"featured_media":0,"template":"","meta":{"_acf_changed":false},"class_list":["post-1989","kalender","type-kalender","status-publish","hentry"],"acf":[],"yoast_head":"<!-- This site is optimized with the Yoast SEO plugin v28.3 - https:\/\/yoast.com\/product\/yoast-seo-wordpress\/ -->\n<title>Nothindagen 2019 - Enter Gislaved<\/title>\n<meta name=\"description\" content=\"V\u00e4lkommen till Nothindagen 2019 N\u00e4ringslivsdagen f\u00f6r Gnosj\u00f6regionen fredagen den 22 november. Dagens tema: Framtidens ledarskap med konferencier Jonas\" \/>\n<meta name=\"robots\" content=\"index, follow, max-snippet:-1, max-image-preview:large, max-video-preview:-1\" \/>\n<link rel=\"canonical\" href=\"https:\/\/www.entergislaved.se\/en\/kalender\/nothindagen-2019\/\" \/>\n<meta property=\"og:locale\" content=\"en_US\" \/>\n<meta property=\"og:type\" content=\"article\" \/>\n<meta property=\"og:title\" content=\"Nothindagen 2019 - Enter Gislaved\" \/>\n<meta property=\"og:description\" content=\"V\u00e4lkommen till Nothindagen 2019 N\u00e4ringslivsdagen f\u00f6r Gnosj\u00f6regionen fredagen den 22 november. Dagens tema: Framtidens ledarskap med konferencier Jonas\" \/>\n<meta property=\"og:url\" content=\"https:\/\/www.entergislaved.se\/en\/kalender\/nothindagen-2019\/\" \/>\n<meta property=\"og:site_name\" content=\"Enter Gislaved\" \/>\n<meta name=\"twitter:card\" content=\"summary_large_image\" \/>\n<script type=\"application\/ld+json\" class=\"yoast-schema-graph\">{\"@context\":\"https:\\\/\\\/schema.org\",\"@graph\":[{\"@type\":\"WebPage\",\"@id\":\"https:\\\/\\\/www.entergislaved.se\\\/en\\\/kalender\\\/nothindagen-2019\\\/\",\"url\":\"https:\\\/\\\/www.entergislaved.se\\\/en\\\/kalender\\\/nothindagen-2019\\\/\",\"name\":\"Nothindagen 2019 - Enter Gislaved\",\"isPartOf\":{\"@id\":\"https:\\\/\\\/www.entergislaved.se\\\/en\\\/#website\"},\"datePublished\":\"2019-10-23T09:25:44+00:00\",\"description\":\"V\u00e4lkommen till Nothindagen 2019 N\u00e4ringslivsdagen f\u00f6r Gnosj\u00f6regionen fredagen den 22 november. Dagens tema: Framtidens ledarskap med konferencier Jonas\",\"breadcrumb\":{\"@id\":\"https:\\\/\\\/www.entergislaved.se\\\/en\\\/kalender\\\/nothindagen-2019\\\/#breadcrumb\"},\"inLanguage\":\"en-US\",\"potentialAction\":[{\"@type\":\"ReadAction\",\"target\":[\"https:\\\/\\\/www.entergislaved.se\\\/en\\\/kalender\\\/nothindagen-2019\\\/\"]}]},{\"@type\":\"BreadcrumbList\",\"@id\":\"https:\\\/\\\/www.entergislaved.se\\\/en\\\/kalender\\\/nothindagen-2019\\\/#breadcrumb\",\"itemListElement\":[{\"@type\":\"ListItem\",\"position\":1,\"name\":\"Kalender\",\"item\":\"https:\\\/\\\/www.entergislaved.se\\\/en\\\/arkiv-kalender\\\/\"},{\"@type\":\"ListItem\",\"position\":2,\"name\":\"Nothindagen 2019\"}]},{\"@type\":\"WebSite\",\"@id\":\"https:\\\/\\\/www.entergislaved.se\\\/en\\\/#website\",\"url\":\"https:\\\/\\\/www.entergislaved.se\\\/en\\\/\",\"name\":\"Enter Gislaved\",\"description\":\"Till din tj\u00e4nst\",\"potentialAction\":[{\"@type\":\"SearchAction\",\"target\":{\"@type\":\"EntryPoint\",\"urlTemplate\":\"https:\\\/\\\/www.entergislaved.se\\\/en\\\/?s={search_term_string}\"},\"query-input\":{\"@type\":\"PropertyValueSpecification\",\"valueRequired\":true,\"valueName\":\"search_term_string\"}}],\"inLanguage\":\"en-US\"}]}<\/script>\n<!-- \/ Yoast SEO plugin. -->","yoast_head_json":{"title":"Nothindagen 2019 - Enter Gislaved","description":"V\u00e4lkommen till Nothindagen 2019 N\u00e4ringslivsdagen f\u00f6r Gnosj\u00f6regionen fredagen den 22 november. Dagens tema: Framtidens ledarskap med konferencier Jonas","robots":{"index":"index","follow":"follow","max-snippet":"max-snippet:-1","max-image-preview":"max-image-preview:large","max-video-preview":"max-video-preview:-1"},"canonical":"https:\/\/www.entergislaved.se\/en\/kalender\/nothindagen-2019\/","og_locale":"en_US","og_type":"article","og_title":"Nothindagen 2019 - Enter Gislaved","og_description":"V\u00e4lkommen till Nothindagen 2019 N\u00e4ringslivsdagen f\u00f6r Gnosj\u00f6regionen fredagen den 22 november. Dagens tema: Framtidens ledarskap med konferencier Jonas","og_url":"https:\/\/www.entergislaved.se\/en\/kalender\/nothindagen-2019\/","og_site_name":"Enter Gislaved","twitter_card":"summary_large_image","schema":{"@context":"https:\/\/schema.org","@graph":[{"@type":"WebPage","@id":"https:\/\/www.entergislaved.se\/en\/kalender\/nothindagen-2019\/","url":"https:\/\/www.entergislaved.se\/en\/kalender\/nothindagen-2019\/","name":"Nothindagen 2019 - Enter Gislaved","isPartOf":{"@id":"https:\/\/www.entergislaved.se\/en\/#website"},"datePublished":"2019-10-23T09:25:44+00:00","description":"V\u00e4lkommen till Nothindagen 2019 N\u00e4ringslivsdagen f\u00f6r Gnosj\u00f6regionen fredagen den 22 november. Dagens tema: Framtidens ledarskap med konferencier Jonas","breadcrumb":{"@id":"https:\/\/www.entergislaved.se\/en\/kalender\/nothindagen-2019\/#breadcrumb"},"inLanguage":"en-US","potentialAction":[{"@type":"ReadAction","target":["https:\/\/www.entergislaved.se\/en\/kalender\/nothindagen-2019\/"]}]},{"@type":"BreadcrumbList","@id":"https:\/\/www.entergislaved.se\/en\/kalender\/nothindagen-2019\/#breadcrumb","itemListElement":[{"@type":"ListItem","position":1,"name":"Kalender","item":"https:\/\/www.entergislaved.se\/en\/arkiv-kalender\/"},{"@type":"ListItem","position":2,"name":"Nothindagen 2019"}]},{"@type":"WebSite","@id":"https:\/\/www.entergislaved.se\/en\/#website","url":"https:\/\/www.entergislaved.se\/en\/","name":"Enter Gislaved","description":"Till din tj\u00e4nst","potentialAction":[{"@type":"SearchAction","target":{"@type":"EntryPoint","urlTemplate":"https:\/\/www.entergislaved.se\/en\/?s={search_term_string}"},"query-input":{"@type":"PropertyValueSpecification","valueRequired":true,"valueName":"search_term_string"}}],"inLanguage":"en-US"}]}},"_links":{"self":[{"href":"https:\/\/www.entergislaved.se\/en\/wp-json\/wp\/v2\/kalender\/1989","targetHints":{"allow":["GET"]}}],"collection":[{"href":"https:\/\/www.entergislaved.se\/en\/wp-json\/wp\/v2\/kalender"}],"about":[{"href":"https:\/\/www.entergislaved.se\/en\/wp-json\/wp\/v2\/types\/kalender"}],"wp:attachment":[{"href":"https:\/\/www.entergislaved.se\/en\/wp-json\/wp\/v2\/media?parent=1989"}],"curies":[{"name":"wp","href":"https:\/\/api.w.org\/{rel}","templated":true}]}}

<p>Välkommen till Nothindagen 2019<br />
Näringslivsdagen för Gnosjöregionen fredagen den 22 november.</p>
<p>Dagens tema: Framtidens ledarskap med konferencier Jonas Gallneby</p>
<p>Årets Nothindag bjuder på extra spännande ämnen där ledaren står i fokus och utvecklingen rusar. Nya problem uppstår liksom nya möjligheter.<br />
Fyra intressanta personer är inbjudna och berättar om kraven framtidens ledare står inför.</p>
<p><a href="http://forumfinnveden.se/program/"><strong>Program</strong></a></p>

<!-- This site is optimized with the Yoast SEO plugin v28.3 - https://yoast.com/product/yoast-seo-wordpress/ -->
<title>Nothindagen 2019 - Enter Gislaved</title>
<meta name="description" content="Välkommen till Nothindagen 2019 Näringslivsdagen för Gnosjöregionen fredagen den 22 november. Dagens tema: Framtidens ledarskap med konferencier Jonas" />
<meta name="robots" content="index, follow, max-snippet:-1, max-image-preview:large, max-video-preview:-1" />
<link rel="canonical" href="https://www.entergislaved.se/en/kalender/nothindagen-2019/" />
<meta property="og:locale" content="en_US" />
<meta property="og:type" content="article" />
<meta property="og:title" content="Nothindagen 2019 - Enter Gislaved" />
<meta property="og:description" content="Välkommen till Nothindagen 2019 Näringslivsdagen för Gnosjöregionen fredagen den 22 november. Dagens tema: Framtidens ledarskap med konferencier Jonas" />
<meta property="og:url" content="https://www.entergislaved.se/en/kalender/nothindagen-2019/" />
<meta property="og:site_name" content="Enter Gislaved" />
<meta name="twitter:card" content="summary_large_image" />
<script type="application/ld+json" class="yoast-schema-graph">{"@context":"https:\/\/schema.org","@graph":[{"@type":"WebPage","@id":"https:\/\/www.entergislaved.se\/en\/kalender\/nothindagen-2019\/","url":"https:\/\/www.entergislaved.se\/en\/kalender\/nothindagen-2019\/","name":"Nothindagen 2019 - Enter Gislaved","isPartOf":{"@id":"https:\/\/www.entergislaved.se\/en\/#website"},"datePublished":"2019-10-23T09:25:44+00:00","description":"Välkommen till Nothindagen 2019 Näringslivsdagen för Gnosjöregionen fredagen den 22 november. Dagens tema: Framtidens ledarskap med konferencier Jonas","breadcrumb":{"@id":"https:\/\/www.entergislaved.se\/en\/kalender\/nothindagen-2019\/#breadcrumb"},"inLanguage":"en-US","potentialAction":[{"@type":"ReadAction","target":["https:\/\/www.entergislaved.se\/en\/kalender\/nothindagen-2019\/"]}]},{"@type":"BreadcrumbList","@id":"https:\/\/www.entergislaved.se\/en\/kalender\/nothindagen-2019\/#breadcrumb","itemListElement":[{"@type":"ListItem","position":1,"name":"Kalender","item":"https:\/\/www.entergislaved.se\/en\/arkiv-kalender\/"},{"@type":"ListItem","position":2,"name":"Nothindagen 2019"}]},{"@type":"WebSite","@id":"https:\/\/www.entergislaved.se\/en\/#website","url":"https:\/\/www.entergislaved.se\/en\/","name":"Enter Gislaved","description":"Till din tjänst","potentialAction":[{"@type":"SearchAction","target":{"@type":"EntryPoint","urlTemplate":"https:\/\/www.entergislaved.se\/en\/?s={search_term_string}"},"query-input":{"@type":"PropertyValueSpecification","valueRequired":true,"valueName":"search_term_string"}}],"inLanguage":"en-US"}]}</script>
<!-- / Yoast SEO plugin. -->

Välkommen till Nothindagen 2019 Näringslivsdagen för Gnosjöregionen fredagen den 22 november. Dagens tema: Framtidens ledarskap med konferencier Jonas

Till din tjänst
